{"id":154,"date":"2021-03-08T18:45:06","date_gmt":"2021-03-08T17:45:06","guid":{"rendered":"https:\/\/agenceoptimum.com\/interim\/?page_id=154"},"modified":"2021-05-18T18:44:56","modified_gmt":"2021-05-18T16:44:56","slug":"benefices-de-lagence-dinterim","status":"publish","type":"page","link":"https:\/\/agenceoptimum.com\/interim\/notre-agence\/benefices-de-lagence-dinterim\/","title":{"rendered":"Quels sont les avantages de l&rsquo;int\u00e9rim ?"},"content":{"rendered":"\n<p>Travailler lors de missions d&rsquo;int\u00e9rim peut vous \u00eatre tr\u00e8s b\u00e9n\u00e9fique quant \u00e0 votre carri\u00e8re professionnelle : cela vous servira \u00e0 \u00e9tendre votre r\u00e9seau professionnel, c&rsquo;est a dire travailler pour diff\u00e9rents organismes, faire de nouvelles rencontres professionnelles&#8230; l&rsquo;un des avantages de travailler en int\u00e9rim est d&rsquo;avoir l&rsquo;opportunit\u00e9 d&rsquo;obtenir un CDI suite \u00e0 une mission bien r\u00e9alis\u00e9e. <\/p>\n\n\n\n<p>On peut \u00e9galement parler des diff\u00e9rents avantages sociaux dont vous pouvez b\u00e9n\u00e9ficier telle que la prime de pr\u00e9carit\u00e9 de 10%, les cong\u00e9s pay\u00e9s major\u00e9s de 10%&#8230;<\/p>\n","protected":false},"excerpt":{"rendered":"<p>Travailler lors de missions d&rsquo;int\u00e9rim peut vous \u00eatre tr\u00e8s b\u00e9n\u00e9fique quant \u00e0 votre carri\u00e8re professionnelle : cela vous servira \u00e0 \u00e9tendre votre r\u00e9seau professionnel, c&rsquo;est a dire travailler pour diff\u00e9rents organismes, faire de nouvelles rencontres professionnelles&#8230; l&rsquo;un des avantages de travailler en int\u00e9rim est d&rsquo;avoir l&rsquo;opportunit\u00e9 d&rsquo;obtenir un CDI suite \u00e0 une mission bien r\u00e9alis\u00e9e.<\/p>\n","protected":false},"author":1,"featured_media":482,"parent":150,"menu_order":0,"comment_status":"closed","ping_status":"closed","template":"page-templates\/single-column.php","meta":{"footnotes":""},"class_list":["post-154","page","type-page","status-publish","has-post-thumbnail","hentry"],"acf":[],"_links":{"self":[{"href":"https:\/\/agenceoptimum.com\/interim\/wp-json\/wp\/v2\/pages\/154","targetHints":{"allow":["GET"]}}],"collection":[{"href":"https:\/\/agenceoptimum.com\/interim\/wp-json\/wp\/v2\/pages"}],"about":[{"href":"https:\/\/agenceoptimum.com\/interim\/wp-json\/wp\/v2\/types\/page"}],"author":[{"embeddable":true,"href":"https:\/\/agenceoptimum.com\/interim\/wp-json\/wp\/v2\/users\/1"}],"replies":[{"embeddable":true,"href":"https:\/\/agenceoptimum.com\/interim\/wp-json\/wp\/v2\/comments?post=154"}],"version-history":[{"count":8,"href":"https:\/\/agenceoptimum.com\/interim\/wp-json\/wp\/v2\/pages\/154\/revisions"}],"predecessor-version":[{"id":555,"href":"https:\/\/agenceoptimum.com\/interim\/wp-json\/wp\/v2\/pages\/154\/revisions\/555"}],"up":[{"embeddable":true,"href":"https:\/\/agenceoptimum.com\/interim\/wp-json\/wp\/v2\/pages\/150"}],"wp:featuredmedia":[{"embeddable":true,"href":"https:\/\/agenceoptimum.com\/interim\/wp-json\/wp\/v2\/media\/482"}],"wp:attachment":[{"href":"https:\/\/agenceoptimum.com\/interim\/wp-json\/wp\/v2\/media?parent=154"}],"curies":[{"name":"wp","href":"https:\/\/api.w.org\/{rel}","templated":true}]}}